t o(f) = f**3 + 4*f**2 + f - 4. What are the prime factors of o(c)?
2
Let y(d) = 3*d**3 + d**2 + d - 1. Let t be y(1). Suppose 0 = -t*x + 8*x - 8. Suppose -5*g + 20 = 5*z, x*z - 3*g = -z + 24. List the prime factors of z.
2, 3
What are the prime factors of (3 + 2)*(-118)/(-10)?
59
Let d(n) = -10*n - 21. Let x(q) = 3*q + 7. Let h(u) = 2*d(u) + 7*x(u). Let f be h(-5). Suppose -f*i + 12 = i. List the prime factors of i.
2
Let k = 118 - 70. What are the prime factors of k?
2, 3
Let s = -24 - -5. Let w = s - -28. List the prime factors of w.
3
Let l(h) = 2*h**3 + h**2 + h + 1. Let q be l(-1). What are the prime factors of 3 - -2*(12 - q)?
29
Let s be 0 + -1 - (2 + -8). Let z = -6 + s. List the prime factors of -12*(z + (-2)/(-4)).
2, 3
Let v = 8 + -3. Suppose 4*r = -g + 5, 3*g - 62 = -g + v*r. Let j = g + -7. What are the prime factors of j?
2, 3
Suppose -3*u + 144 = 3*b, 5*b - 2 + 12 = 0. What are the prime factors of u?
2, 5
Suppose 21 = -r + 3*l, r - 4 = 4*l - 30. Let f(d) be the third derivative of -d**5/60 - 7*d**4/24 - d**2. What are the prime factors of f(r)?
2, 3
Let s(i) be the second derivative of i**7/1260 + i**6/360 + i**4/12 + 2*i. Let w(c) be the third derivative of s(c). List the prime factors of w(2).
2, 3
Suppose 2*r - 5*z = -5, 0 = -r - 0*z + 2*z - 3. Let j(o) = o**3 + 5*o**2 + 2*o + 2. Let c be j(-2). Let m = r + c. List the prime factors of m.
5
Let l be (-5)/2*24/(-30). Let j be (8 - 2) + l + -5. Suppose -22 = -j*c - 4*w + 30, -22 = -c + w. List the prime factors of c.
2, 5
Let x be (-4 - -3)*(-4 - 0). Let r = 8 - x. What are the prime factors of r/3*(-9)/(-1)?
2, 3
What are the prime factors of (-1)/((-25)/8 + 3)?
2
Suppose -a + 59 + 4 = 0. Let t = a - 42. What are the prime factors of t?
3, 7
Suppose -4*d - 10 = 2*a, a + 9 = -5*d + 2*a. Suppose 4*p + 2*s - 45 = -13, 0 = -4*p + 5*s + 46. Let u = p + d. What are the prime factors of u?
7
Let v = 268 + -142. What are the prime factors of v?
2, 3, 7
Suppose y = -2, 0*y - 3*y = -l + 52. What are the prime factors of l?
2, 23
Let d(v) = -4*v + 0*v + 0*v + 4 + v**2. Suppose 16*i - 14*i - 10 = 0. What are the prime factors of d(i)?
3
Suppose -4*f - k = -1077, 6*k - 814 = -3*f + 4*k. List the prime factors of f.
2, 67
Let a(n) = 4*n - 6. List the prime factors of a(8).
2, 13
Suppose -p - 349 = -4*a, p = -a - 4*a + 434. What are the prime factors of a?
3, 29
Let h(n) = -n**2 + 20*n - 51. List the prime factors of h(16).
13
Let d(v) = 12*v - 13*v + 24 - v**2 - v**3 + 0*v**3. What are the prime factors of d(0)?
2, 3
Suppose y - q + 2 = 0, -q + 1 = -5*y - 1. Suppose 2*o - 8 = y, 2*o - 6*o = -2*x + 20. What are the prime factors of x?
2, 3
Suppose -32 - 152 = -2*p. List the prime factors of p.
2, 23
Let s = -31 - -14. Let c = s - -39. List the prime factors of c.
2, 11
Suppose -5*p = -5*l + 50, -2*p + 5 = -3*l + 27. Let d = 13 + p. What are the prime factors of d?
5
Let l be 1 - 1 - 1 - -11. Let n = l - 0. Suppose -m + 4 + n = 0. What are the prime factors of m?
2, 7
Let a be 15 + 0 + 0/1. Let r = -8 + a. List the prime factors of r.
7
Let c be (38/(-8))/((-1)/4). Suppose -o + c = 4*g - 26, 2*o = 3*g - 31. List the prime factors of g.
11
Suppose 22 = -5*i + 2. List the prime factors of (2/(-4))/(i/112).
2, 7
Suppose -2*d - 2*j + 30 = -3*j, -3*j + 14 = 2*d. What are the prime factors of d?
13
Suppose 0 = -b + 2*b. Suppose -3*d + 0*d - 13 = -4*v, b = 4*d + v + 11. What are the prime factors of 7 + d + (2 - 1)?
5
Suppose 0*l + l = 2. Suppose 5*z - d + 0*d - 89 = 0, -2*z = l*d - 26. List the prime factors of z.
17
Let t(k) = k - 14. Let d be t(10). Let h = 5 - d. List the prime factors of h.
3
Let l = -9 - -11. Suppose -5*s + 0*o - o = -149, l*s - 62 = -o. List the prime factors of s.
29
Let q(u) = u**3 + 6*u**2 + 2*u + 8. Let k be q(-6). Let s(j) = j**2 + 2*j - 1. List the prime factors of s(k).
7
Suppose 0*s + 4 = -2*s + 2*n, 12 = 2*s + 2*n. Suppose q + s*q - 36 = i, -5*i = -3*q + 24. List the prime factors of q.
13
Let k(l) = -l**3 - 5*l**2 + 3*l + 3. Suppose u - 18 = 4*u. List the prime factors of k(u).
3, 7
Suppose -t - 7 = -9. Suppose -2 = t*y - 5*d - 99, 4*y - 5*d - 169 = 0. What are the prime factors of y?
2, 3
Let r(k) = 7*k**2 + 9*k + 8. List the prime factors of r(-6).
2, 103
Let a(j) = j**3 + j**2 - 3*j + 8. List the prime factors of a(5).
11, 13
Suppose 0 = -4*c + 11 - 3. What are the prime factors of c?
2
Let s(i) = -i - 14. Let g(a) = a + 13. Let p(t) = 7*g(t) + 6*s(t). List the prime factors of p(0).
7
What are the prime factors of ((-21)/(-6))/7*20?
2, 5
Suppose -4*o = -0*o - 60. List the prime factors of o.
3, 5
Suppose -11*w + 2557 = -105. What are the prime factors of w?
2, 11
Let j be -1 - (6/3 + -3). Suppose 4*t + 12 = -2*b, j*b + 2*t - 6 = -4*b. Suppose -r - b*r + 50 = 0. List the prime factors of r.
2, 5
Suppose -u + 4 = u. Suppose -3*r + 40 = 4*b, 0*r - u*r + 35 = b. List the prime factors of r.
2, 5
Let c(h) = -7*h + 5. Let u be (0 - 1)/(3/(-9)). Let l(p) = 13*p - 10. Let i(d) = u*l(d) + 5*c(d). List the prime factors of i(5).
3, 5
Suppose s - 10 = 5*o, 4*o + 0*o + 14 = 2*s. Suppose 3*u - s = 4. List the prime factors of u.
3
Suppose x = 2 + 3. Suppose 0 = -k - x*j + 20, -k + j = -3*k + 4. Suppose 4*t - 4 - 80 = k. List the prime factors of t.
3, 7
Suppose 0 = -2*h + 4 - 0, 0 = 3*a - 4*h - 49. What are the prime factors of a?
19
Let d(i) = i + 4. Let m be d(-5). Let w(q) = 6 - 11*q**3 + 13 + q + q**2 - 19. What are the prime factors of w(m)?
11
Let m(n) be the third derivative of -5*n**2 + 5/24*n**4 + 1/3*n**3 + 0*n + 0. What are the prime factors of m(2)?
2, 3
Let i be 6/4*20/15. Let z be i + (-2 - -9) + -2. Suppose -3*h - z = -16. List the prime factors of h.
3
Suppose -2*f = -4*f. Let a = -3 - f. Let l(v) = -v**3 - 2*v**2 + v - 1. List the prime factors of l(a).
5
Let u = -12 - -31. What are the prime factors of u?
19
Let k = 5 + -2. Suppose 4*t = k*t + 3. What are the prime factors of 13 + (-9)/t - 2?
2
What are the prime factors of (28/36 - 4/(-18))*47?
47
Let f = 4 - 2. Let y(t) = -4 + t**f + 5 - t + 0. What are the prime factors of y(3)?
7
Let o(p) = 40*p**2 - p + 15. List the prime factors of o(3).
2, 3, 31
Let q(u) = u**3 - 3*u**2 - 6*u + 2. Let j be q(4). Let b be (2/4)/((-1)/j). Suppose -b*o + o - 4*x = -6, -2*x - 6 = -2*o. What are the prime factors of o?
3
Let b(u) be the third derivative of u**4/12 - u**3/2 + 3*u**2. Let t be b(-4). Let i = 1 - t. What are the prime factors of i?
2, 3
Let w(m) = -m**2 + 12*m - 11. List the prime factors of w(9).
2
Suppose 80 = x + 7. What are the prime factors of x?
73
Let u(c) = -2*c**3 - 3*c**2 - c - 1. Let l be u(-2). Suppose p + 19 = x, l*x = 3*p - 1 + 104. What are the prime factors of x?
23
Suppose -3*w - 10 = -5*w. Suppose 3*q - a + 3*a = -8, -q - 5*a - 20 = 0. Suppose q = -0*d + w*d - 35. What are the prime factors of d?
7
List the prime factors of (-3)/(-2) - (-344)/16.
23
Suppose 5*a + 440 = 5*q, 0 = 5*q - 5*a + 2*a - 430. List the prime factors of q.
83
Suppose 0 = -3*y + 9, -19 = -c - 5*y + 20. List the prime factors of c.
2, 3
Let b(k) = 6*k**2 - 8*k + 2. Let i(q) = -7*q**2 + 8*q - 1. Let f(m) = -6*b(m) - 5*i(m). What are the prime factors of f(5)?
2
Let w(g) = -10*g - 5. What are the prime factors of w(-6)?
5, 11
Let d = -56 - -183. List the prime factors of d.
127
Suppose 5*i = -4*a + 8, -2*a + 1 + 3 = 3*i. Suppose -a*x = 4*m + 2*x - 4, 0 = x + 2. List the prime factors of m.
3
List the prime factors of 16*-2*-11 + 4.
2, 89
List the prime factors of ((-1300)/(-18) - -2) + 24/(-108).
2, 37
Let b(w) = 7*w - 10. List the prime factors of b(6).
2
Suppose -3*s + 10 = 3*y + 2*s, -s - 21 = -4*y. Suppose -y*k + 105 + 25 = 0. List the prime factors of k.
2, 13
Let s(h) be the third derivative of -11*h**4/24 - h**3/2 - h**2. Suppose 6*i - 3*i - 3*b = 0, 2*b = 4*i + 4. List the prime factors of s(i).
19
Let t(k) = -k**3 - 4*k**2 + 4*k - 3. Let q be t(-5). Let y be q/2*6/(-2). Let m(n) = -n**3 - n**2 + 3*n - 4. What are the prime factors of m(y)?
5
Suppose -135 = -2*z + 243. What are the prime factors of z?
3, 7
Let s(y) = 4*y + 3 - y - 4*y. Suppose -l - 2*l - 15 = 0. List the prime factors of s(l).
2
Suppose 3*k + 0*w - w + 27 = 0, 0 = 2*k - 3*w + 18. List the prime factors of -27*((-24)/k - 3).
3
Let y(z) = -3*